{"id":6,"date":"2025-01-26T21:21:56","date_gmt":"2025-01-26T20:21:56","guid":{"rendered":"https:\/\/spg-2019.at\/?post_type=tribe_events&#038;p=6"},"modified":"2026-03-16T10:26:17","modified_gmt":"2026-03-16T09:26:17","slug":"benfica-camp-experience","status":"publish","type":"tribe_events","link":"https:\/\/www.spg-2019.at\/event\/benfica-camp-experience\/event\/benfica-camp-experience\/","title":{"rendered":"Benfica Camp Experience 2026"},"content":{"rendered":"<p class=\"p1\"><img fetchpriority=\"high\" decoding=\"async\" class=\"alignnone wp-image-320 size-full\" src=\"https:\/\/www.spg-2019.at\/wp-content\/uploads\/2025\/01\/Benfica-Camp-2026-3-scaled.jpg\" alt=\"\" width=\"2560\" height=\"1440\" srcset=\"https:\/\/www.spg-2019.at\/wp-content\/uploads\/2025\/01\/Benfica-Camp-2026-3-scaled.jpg 2560w, https:\/\/www.spg-2019.at\/wp-content\/uploads\/2025\/01\/Benfica-Camp-2026-3-300x169.jpg 300w, https:\/\/www.spg-2019.at\/wp-content\/uploads\/2025\/01\/Benfica-Camp-2026-3-1024x576.jpg 1024w, https:\/\/www.spg-2019.at\/wp-content\/uploads\/2025\/01\/Benfica-Camp-2026-3-768x432.jpg 768w, https:\/\/www.spg-2019.at\/wp-content\/uploads\/2025\/01\/Benfica-Camp-2026-3-1536x864.jpg 1536w, https:\/\/www.spg-2019.at\/wp-content\/uploads\/2025\/01\/Benfica-Camp-2026-3-2048x1152.jpg 2048w\" sizes=\"(max-width: 2560px) 100vw, 2560px\" \/><\/p>\n<p class=\"p1\">Die Spielgemeinschaft Grieskirchen &#8211; Schl\u00fc\u00dflberg veranstaltet von 13.-17- Juli 2026 ein Fu\u00dfballcamp am Sportplatz in Grieskirchen.<\/p>\n<table style=\"height: 165px;\" width=\"540\">\n<tbody>\n<tr>\n<td><strong>Wann:<\/strong><\/td>\n<td>13.-17. Juli 2026<\/td>\n<\/tr>\n<tr>\n<td><strong>Wo:<\/strong><\/td>\n<td>Sportplatz Grieskirchen<\/td>\n<\/tr>\n<tr>\n<td><strong>F\u00fcr Wen:<\/strong><\/td>\n<td>Fu\u00dfballbegeisterte Kinder im Alter von 7-16 Jahren<\/td>\n<\/tr>\n<tr>\n<td><strong>Preis:<\/strong><\/td>\n<td>259\u20ac f\u00fcr Mitglieder der\u00a0<span class=\"il\">SPG<br \/>\n279\u20ac f\u00fcr Externe<br \/>\n<\/span><\/td>\n<\/tr>\n<tr>\n<td><strong>Inkludiert:<\/strong><\/td>\n<td>2 Trainings\/Tag, Mittagessen, Trainings Kit Benfica Lissabon bestehend aus Trikot, Hose, Stutzen<\/td>\n<\/tr>\n<tr>\n<td><strong>Trainer:<\/strong><\/td>\n<td>Coaches Benfica Lissabon und Trainer\u00a0<span class=\"il\">SPG<\/span><\/td>\n<\/tr>\n<\/tbody>\n<\/table>\n<p class=\"p1\">Unter dem Motto \u201eBenfica Camp Experience\u201c werden die teilnehmenden Fu\u00dfballerInnen mit der Methodik und den Trainingsformen von Benfica Lissabon, einer der erfolgreichsten Fu\u00dfball Akademien weltweit, vertraut gemacht. Die Kinder im Alter von 7 &#8211; 16 Jahren lernen, was es hei\u00dft, wie Profis zu trainieren und sich entsprechend der Philosophie von Benfica Lissabon, auch gem\u00e4\u00df den sportlichen und sozialen Werten des Clubs zu verhalten.<\/p>\n<p class=\"p1\">Betreut werden die Kinder und Jugendlichen dabei durch Akademietrainer von Benfica Lissabon sowie von erfahrenen Trainern unserer SPG.<\/p>\n<p class=\"p1\">Im Preis enthalten sind die Verpflegung mittags, wahlweise stehen t\u00e4glich 2 Gerichte zur Auswahl, das Benfica Kit, bestehend aus Trikot, Hose und Socken sowie 2 Trainingseinheiten t\u00e4glich, professionell angeleitet durch<span class=\"Apple-converted-space\">\u00a0 <\/span>Akademie Trainer von Benfica Lissabon und unsere Trainer der SPG.<\/p>\n<p>&nbsp;<\/p>\n<h3>Anmeldung:<\/h3>\n","protected":false},"excerpt":{"rendered":"<p>Die Spielgemeinschaft Grieskirchen &#8211; Schl\u00fc\u00dflberg veranstaltet von 13.-17- Juli 2026 ein Fu\u00dfballcamp am Sportplatz in Grieskirchen. Wann: 13.-17. Juli 2026 Wo: Sportplatz Grieskirchen F\u00fcr Wen: Fu\u00dfballbegeisterte Kinder im Alter von [&hellip;]<\/p>\n","protected":false},"author":1,"featured_media":0,"template":"","meta":{"_EventAllDay":true,"_EventTimezone":"Europe\/Berlin","_EventStartDate":"2026-07-13 00:00:00","_EventEndDate":"2026-07-17 23:59:59","_EventStartDateUTC":"2026-07-12 22:00:00","_EventEndDateUTC":"2026-07-17 21:59:59","_EventShowMap":false,"_EventShowMapLink":false,"_EventURL":"","_EventCost":"","_EventCostDescription":"","_EventCurrencySymbol":"$","_EventCurrencyCode":"USD","_EventCurrencyPosition":"prefix","_EventDateTimeSeparator":"","_EventTimeRangeSeparator":"","_EventOrganizerID":[],"_EventVenueID":[],"_OrganizerEmail":"","_OrganizerPhone":"","_OrganizerWebsite":"","_VenueAddress":"","_VenueCity":"","_VenueCountry":"","_VenueProvince":"","_VenueState":"","_VenueZip":"","_VenuePhone":"","_VenueURL":"","_VenueStateProvince":"","_VenueLat":"","_VenueLng":"","_VenueShowMap":false,"_VenueShowMapLink":false,"_tribe_events_status":"","_tribe_events_status_reason":"","footnotes":""},"tags":[],"tribe_events_cat":[],"class_list":["post-6","tribe_events","type-tribe_events","status-publish","hentry"],"_links":{"self":[{"href":"https:\/\/www.spg-2019.at\/event\/benfica-camp-experience\/wp-json\/wp\/v2\/tribe_events\/6","targetHints":{"allow":["GET"]}}],"collection":[{"href":"https:\/\/www.spg-2019.at\/event\/benfica-camp-experience\/wp-json\/wp\/v2\/tribe_events"}],"about":[{"href":"https:\/\/www.spg-2019.at\/event\/benfica-camp-experience\/wp-json\/wp\/v2\/types\/tribe_events"}],"author":[{"embeddable":true,"href":"https:\/\/www.spg-2019.at\/event\/benfica-camp-experience\/wp-json\/wp\/v2\/users\/1"}],"version-history":[{"count":10,"href":"https:\/\/www.spg-2019.at\/event\/benfica-camp-experience\/wp-json\/wp\/v2\/tribe_events\/6\/revisions"}],"predecessor-version":[{"id":324,"href":"https:\/\/www.spg-2019.at\/event\/benfica-camp-experience\/wp-json\/wp\/v2\/tribe_events\/6\/revisions\/324"}],"wp:attachment":[{"href":"https:\/\/www.spg-2019.at\/event\/benfica-camp-experience\/wp-json\/wp\/v2\/media?parent=6"}],"wp:term":[{"taxonomy":"post_tag","embeddable":true,"href":"https:\/\/www.spg-2019.at\/event\/benfica-camp-experience\/wp-json\/wp\/v2\/tags?post=6"},{"taxonomy":"tribe_events_cat","embeddable":true,"href":"https:\/\/www.spg-2019.at\/event\/benfica-camp-experience\/wp-json\/wp\/v2\/tribe_events_cat?post=6"}],"curies":[{"name":"wp","href":"https:\/\/api.w.org\/{rel}","templated":true}]}}

<p class="p1"><img fetchpriority="high" decoding="async" class="alignnone wp-image-320 size-full" src="https://www.spg-2019.at/wp-content/uploads/2025/01/Benfica-Camp-2026-3-scaled.jpg" alt="" width="2560" height="1440" srcset="https://www.spg-2019.at/wp-content/uploads/2025/01/Benfica-Camp-2026-3-scaled.jpg 2560w, https://www.spg-2019.at/wp-content/uploads/2025/01/Benfica-Camp-2026-3-300x169.jpg 300w, https://www.spg-2019.at/wp-content/uploads/2025/01/Benfica-Camp-2026-3-1024x576.jpg 1024w, https://www.spg-2019.at/wp-content/uploads/2025/01/Benfica-Camp-2026-3-768x432.jpg 768w, https://www.spg-2019.at/wp-content/uploads/2025/01/Benfica-Camp-2026-3-1536x864.jpg 1536w, https://www.spg-2019.at/wp-content/uploads/2025/01/Benfica-Camp-2026-3-2048x1152.jpg 2048w" sizes="(max-width: 2560px) 100vw, 2560px" /></p>
<p class="p1">Die Spielgemeinschaft Grieskirchen &#8211; Schlüßlberg veranstaltet von 13.-17- Juli 2026 ein Fußballcamp am Sportplatz in Grieskirchen.</p>
<table style="height: 165px;" width="540">
<tbody>
<tr>
<td><strong>Wann:</strong></td>
<td>13.-17. Juli 2026</td>
</tr>
<tr>
<td><strong>Wo:</strong></td>
<td>Sportplatz Grieskirchen</td>
</tr>
<tr>
<td><strong>Für Wen:</strong></td>
<td>Fußballbegeisterte Kinder im Alter von 7-16 Jahren</td>
</tr>
<tr>
<td><strong>Preis:</strong></td>
<td>259€ für Mitglieder der <span class="il">SPG<br />
279€ für Externe<br />
</span></td>
</tr>
<tr>
<td><strong>Inkludiert:</strong></td>
<td>2 Trainings/Tag, Mittagessen, Trainings Kit Benfica Lissabon bestehend aus Trikot, Hose, Stutzen</td>
</tr>
<tr>
<td><strong>Trainer:</strong></td>
<td>Coaches Benfica Lissabon und Trainer <span class="il">SPG</span></td>
</tr>
</tbody>
</table>
<p class="p1">Unter dem Motto „Benfica Camp Experience“ werden die teilnehmenden FußballerInnen mit der Methodik und den Trainingsformen von Benfica Lissabon, einer der erfolgreichsten Fußball Akademien weltweit, vertraut gemacht. Die Kinder im Alter von 7 &#8211; 16 Jahren lernen, was es heißt, wie Profis zu trainieren und sich entsprechend der Philosophie von Benfica Lissabon, auch gemäß den sportlichen und sozialen Werten des Clubs zu verhalten.</p>
<p class="p1">Betreut werden die Kinder und Jugendlichen dabei durch Akademietrainer von Benfica Lissabon sowie von erfahrenen Trainern unserer SPG.</p>
<p class="p1">Im Preis enthalten sind die Verpflegung mittags, wahlweise stehen täglich 2 Gerichte zur Auswahl, das Benfica Kit, bestehend aus Trikot, Hose und Socken sowie 2 Trainingseinheiten täglich, professionell angeleitet durch<span class="Apple-converted-space">  </span>Akademie Trainer von Benfica Lissabon und unsere Trainer der SPG.</p>
<p>&nbsp;</p>
<h3>Anmeldung:</h3>

<p>Die Spielgemeinschaft Grieskirchen &#8211; Schlüßlberg veranstaltet von 13.-17- Juli 2026 ein Fußballcamp am Sportplatz in Grieskirchen. Wann: 13.-17. Juli 2026 Wo: Sportplatz Grieskirchen Für Wen: Fußballbegeisterte Kinder im Alter von [&hellip;]</p>
